[INFO] cloning repository https://github.com/TheHackerCoding/library
[INFO] running `Command { std: "git" "-c" "credential.helper=" "-c" "credential.helper=/workspace/cargo-home/bin/git-credential-null" "clone" "--bare" "https://github.com/TheHackerCoding/library" "/workspace/cache/git-repos/https%3A%2F%2Fgithub.com%2FTheHackerCoding%2Flibrary", kill_on_drop: false }`
[INFO] [stderr] Cloning into bare repository '/workspace/cache/git-repos/https%3A%2F%2Fgithub.com%2FTheHackerCoding%2Flibrary'...
[INFO] running `Command { std: "git" "rev-parse" "HEAD", kill_on_drop: false }`
[INFO] [stdout] b6236fade086f4b1c676eed474dc0f007543e3b1
[INFO] checking TheHackerCoding/library against master#e6e4f7ed1589e03bc2f6c5931c1a72e7947e8682 for beta-170-4
[INFO] running `Command { std: "git" "clone" "/workspace/cache/git-repos/https%3A%2F%2Fgithub.com%2FTheHackerCoding%2Flibrary" "/workspace/builds/worker-3-tc2/source", kill_on_drop: false }`
[INFO] [stderr] Cloning into '/workspace/builds/worker-3-tc2/source'...
[INFO] [stderr] done.
[INFO] validating manifest of git repo https://github.com/TheHackerCoding/library on toolchain e6e4f7ed1589e03bc2f6c5931c1a72e7947e8682
[INFO] running `Command { std: CARGO_HOME="/workspace/cargo-home" RUSTUP_HOME="/workspace/rustup-home" "/workspace/cargo-home/bin/cargo" "+e6e4f7ed1589e03bc2f6c5931c1a72e7947e8682" "metadata" "--manifest-path" "Cargo.toml" "--no-deps", kill_on_drop: false }`
[INFO] started tweaking git repo https://github.com/TheHackerCoding/library
[INFO] finished tweaking git repo https://github.com/TheHackerCoding/library
[INFO] tweaked toml for git repo https://github.com/TheHackerCoding/library written to /workspace/builds/worker-3-tc2/source/Cargo.toml
[INFO] crate git repo https://github.com/TheHackerCoding/library already has a lockfile, it will not be regenerated
[INFO] running `Command { std: CARGO_HOME="/workspace/cargo-home" RUSTUP_HOME="/workspace/rustup-home" "/workspace/cargo-home/bin/cargo" "+e6e4f7ed1589e03bc2f6c5931c1a72e7947e8682" "fetch" "--manifest-path" "Cargo.toml", kill_on_drop: false }`
[INFO] running `Command { std: "docker" "create" "-v" "/var/lib/crater-agent-workspace/builds/worker-3-tc2/target:/opt/rustwide/target:rw,Z" "-v" "/var/lib/crater-agent-workspace/builds/worker-3-tc2/source:/opt/rustwide/workdir:ro,Z" "-v" "/var/lib/crater-agent-workspace/cargo-home:/opt/rustwide/cargo-home:ro,Z" "-v" "/var/lib/crater-agent-workspace/rustup-home:/opt/rustwide/rustup-home:ro,Z" "-e" "SOURCE_DIR=/opt/rustwide/workdir" "-e" "CARGO_TARGET_DIR=/opt/rustwide/target" "-e" "CARGO_HOME=/opt/rustwide/cargo-home" "-e" "RUSTUP_HOME=/opt/rustwide/rustup-home" "-w" "/opt/rustwide/workdir" "-m" "1610612736" "--user" "0:0" "--network" "none" "ghcr.io/rust-lang/crates-build-env/linux@sha256:19e73879b68f455e41552ea35293514db52ea292d993f571636dbffedb77a1ee" "/opt/rustwide/cargo-home/bin/cargo" "+e6e4f7ed1589e03bc2f6c5931c1a72e7947e8682" "metadata" "--no-deps" "--format-version=1", kill_on_drop: false }`
[INFO] [stdout] b05e651493f184453e41e485105bab0817622eab6daef0223df6e5c4079ae058
[INFO] running `Command { std: "docker" "start" "-a" "b05e651493f184453e41e485105bab0817622eab6daef0223df6e5c4079ae058", kill_on_drop: false }`
[INFO] running `Command { std: "docker" "inspect" "b05e651493f184453e41e485105bab0817622eab6daef0223df6e5c4079ae058", kill_on_drop: false }`
[INFO] running `Command { std: "docker" "rm" "-f" "b05e651493f184453e41e485105bab0817622eab6daef0223df6e5c4079ae058", kill_on_drop: false }`
[INFO] [stdout] b05e651493f184453e41e485105bab0817622eab6daef0223df6e5c4079ae058
[INFO] running `Command { std: "docker" "create" "-v" "/var/lib/crater-agent-workspace/builds/worker-3-tc2/target:/opt/rustwide/target:rw,Z" "-v" "/var/lib/crater-agent-workspace/builds/worker-3-tc2/source:/opt/rustwide/workdir:ro,Z" "-v" "/var/lib/crater-agent-workspace/cargo-home:/opt/rustwide/cargo-home:ro,Z" "-v" "/var/lib/crater-agent-workspace/rustup-home:/opt/rustwide/rustup-home:ro,Z" "-e" "SOURCE_DIR=/opt/rustwide/workdir" "-e" "CARGO_TARGET_DIR=/opt/rustwide/target" "-e" "CARGO_INCREMENTAL=0" "-e" "RUST_BACKTRACE=full" "-e" "RUSTFLAGS=--cap-lints=forbid" "-e" "RUSTDOCFLAGS=--cap-lints=forbid" "-e" "CARGO_HOME=/opt/rustwide/cargo-home" "-e" "RUSTUP_HOME=/opt/rustwide/rustup-home" "-w" "/opt/rustwide/workdir" "-m" "1610612736" "--user" "0:0" "--network" "none" "ghcr.io/rust-lang/crates-build-env/linux@sha256:19e73879b68f455e41552ea35293514db52ea292d993f571636dbffedb77a1ee" "/opt/rustwide/cargo-home/bin/cargo" "+e6e4f7ed1589e03bc2f6c5931c1a72e7947e8682" "check" "--frozen" "--all" "--all-targets" "--message-format=json", kill_on_drop: false }`
[INFO] [stdout] 30d9e167bf87966a5937b04bfafc532fa1cf9c1e15c0fb895aa3cab69aa16ca7
[INFO] running `Command { std: "docker" "start" "-a" "30d9e167bf87966a5937b04bfafc532fa1cf9c1e15c0fb895aa3cab69aa16ca7", kill_on_drop: false }`
[INFO] [stderr]     Blocking waiting for file lock on package cache
[INFO] [stderr]    Compiling libc v0.2.112
[INFO] [stderr]     Checking cfg-if v1.0.0
[INFO] [stderr]    Compiling proc-macro2 v1.0.36
[INFO] [stderr]    Compiling unicode-xid v0.2.2
[INFO] [stderr]    Compiling autocfg v1.0.1
[INFO] [stderr]    Compiling syn v1.0.85
[INFO] [stderr]    Compiling memchr v2.4.1
[INFO] [stderr]     Checking lazy_static v1.4.0
[INFO] [stderr]    Compiling log v0.4.14
[INFO] [stderr]    Compiling xml-rs v0.8.4
[INFO] [stderr]     Checking bitflags v1.3.2
[INFO] [stderr]    Compiling pkg-config v0.3.24
[INFO] [stderr]     Checking once_cell v1.9.0
[INFO] [stderr]    Compiling version_check v0.9.4
[INFO] [stderr]    Compiling serde_derive v1.0.136
[INFO] [stderr]    Compiling memoffset v0.6.5
[INFO] [stderr]    Compiling futures-core v0.3.21
[INFO] [stderr]    Compiling serde v1.0.136
[INFO] [stderr]     Checking smallvec v1.8.0
[INFO] [stderr]     Checking scopeguard v1.1.0
[INFO] [stderr]    Compiling wayland-sys v0.29.4
[INFO] [stderr]    Compiling quote v1.0.14
[INFO] [stderr]     Checking libloading v0.7.3
[INFO] [stderr]    Compiling khronos_api v3.1.0
[INFO] [stderr]     Checking dlib v0.5.0
[INFO] [stderr]    Compiling wayland-scanner v0.29.4
[INFO] [stderr]    Compiling nom v7.1.0
[INFO] [stderr]     Checking scoped-tls v1.0.0
[INFO] [stderr]     Checking downcast-rs v1.2.0
[INFO] [stderr]     Checking minimal-lexical v0.2.1
[INFO] [stderr]     Checking lock_api v0.4.5
[INFO] [stderr]    Compiling gl_generator v0.14.0
[INFO] [stderr]    Compiling smithay-client-toolkit v0.15.3
[INFO] [stderr]     Checking getrandom v0.2.5
[INFO] [stderr]     Checking nix v0.22.0
[INFO] [stderr]     Checking futures-sink v0.3.21
[INFO] [stderr]     Checking pin-project-lite v0.2.8
[INFO] [stderr]     Checking adler v1.0.2
[INFO] [stderr]     Checking memmap2 v0.3.1
[INFO] [stderr]    Compiling x11-dl v2.19.1
[INFO] [stderr]    Compiling miniz_oxide v0.4.4
[INFO] [stderr]    Compiling parking_lot_core v0.8.5
[INFO] [stderr]     Checking futures-io v0.3.21
[INFO] [stderr]    Compiling crossbeam-utils v0.8.8
[INFO] [stderr]    Compiling quick-xml v0.22.0
[INFO] [stderr]    Compiling ahash v0.7.6
[INFO] [stderr]    Compiling wayland-client v0.29.4
[INFO] [stderr]    Compiling wayland-protocols v0.29.4
[INFO] [stderr]     Checking instant v0.1.12
[INFO] [stderr]    Compiling futures-channel v0.3.21
[INFO] [stderr]     Checking cty v0.2.2
[INFO] [stderr]     Checking ttf-parser v0.14.0
[INFO] [stderr]    Compiling futures-task v0.3.21
[INFO] [stderr]     Checking xcursor v0.3.4
[INFO] [stderr]     Checking slab v0.4.5
[INFO] [stderr]     Checking raw-window-handle v0.4.2
[INFO] [stderr]    Compiling xcb v0.10.1
[INFO] [stderr]    Compiling crossbeam-epoch v0.9.8
[INFO] [stderr]    Compiling futures-util v0.3.21
[INFO] [stderr]     Checking owned_ttf_parser v0.14.0
[INFO] [stderr]    Compiling winit v0.26.1
[INFO] [stderr]     Checking ab_glyph_rasterizer v0.1.5
[INFO] [stderr]     Checking wayland-commons v0.29.4
[INFO] [stderr]     Checking calloop v0.9.3
[INFO] [stderr]     Checking fastrand v1.7.0
[INFO] [stderr]     Checking cache-padded v1.2.0
[INFO] [stderr]     Checking concurrent-queue v1.2.2
[INFO] [stderr]     Checking ab_glyph v0.2.13
[INFO] [stderr]     Checking parking_lot v0.11.2
[INFO] [stderr]    Compiling glutin_glx_sys v0.1.7
[INFO] [stderr]    Compiling glutin_egl_sys v0.1.5
[INFO] [stderr]     Checking mio v0.8.0
[INFO] [stderr]    Compiling toml v0.5.8
[INFO] [stderr]     Checking num_cpus v1.13.1
[INFO] [stderr]    Compiling num-traits v0.2.14
[INFO] [stderr]     Checking wayland-cursor v0.29.4
[INFO] [stderr]    Compiling cc v1.0.72
[INFO] [stderr]     Checking byteorder v1.4.3
[INFO] [stderr]     Checking percent-encoding v2.1.0
[INFO] [stderr]     Checking waker-fn v1.1.0
[INFO] [stderr]     Checking atomic_refcell v0.1.8
[INFO] [stderr]    Compiling crc32fast v1.3.2
[INFO] [stderr]     Checking base64 v0.13.0
[INFO] [stderr]     Checking nohash-hasher v0.2.0
[INFO] [stderr]    Compiling rayon-core v1.9.1
[INFO] [stderr]     Checking parking v2.0.0
[INFO] [stderr]     Checking pin-utils v0.1.0
[INFO] [stderr]     Checking event-listener v2.5.2
[INFO] [stderr]     Checking futures-lite v1.12.0
[INFO] [stderr]     Checking rand_core v0.6.3
[INFO] [stderr]     Checking shared_library v0.1.9
[INFO] [stderr]     Checking dirs-sys-next v0.1.2
[INFO] [stderr]    Compiling aho-corasick v0.7.18
[INFO] [stderr]    Compiling num-integer v0.1.44
[INFO] [stderr]     Checking adler32 v1.2.0
[INFO] [stderr]    Compiling async-trait v0.1.53
[INFO] [stderr]    Compiling regex-syntax v0.6.25
[INFO] [stderr]    Compiling backtrace v0.3.64
[INFO] [stderr]     Checking static_assertions v1.1.0
[INFO] [stderr]     Checking ppv-lite86 v0.2.16
[INFO] [stderr]     Checking gimli v0.26.1
[INFO] [stderr]     Checking directories-next v2.0.0
[INFO] [stderr]     Checking osmesa-sys v0.1.2
[INFO] [stderr]     Checking crossbeam-deque v0.8.1
[INFO] [stderr]     Checking rand_chacha v0.3.1
[INFO] [stderr]     Checking wayland-egl v0.29.4
[INFO] [stderr]     Checking crossbeam-channel v0.5.4
[INFO] [stderr]     Checking x11-clipboard v0.5.3
[INFO] [stderr]    Compiling glium v0.31.0
[INFO] [stderr]     Checking polling v2.2.0
[INFO] [stderr]     Checking socket2 v0.4.2
[INFO] [stderr]     Checking object v0.27.1
[INFO] [stderr]    Compiling rayon v1.5.1
[INFO] [stderr]     Checking rustc-demangle v0.1.21
[INFO] [stderr]    Compiling thiserror-impl v1.0.30
[INFO] [stderr]    Compiling enumflags2_derive v0.7.4
[INFO] [stderr]    Compiling futures-macro v0.3.21
[INFO] [stderr]    Compiling regex v1.5.5
[INFO] [stderr]     Checking addr2line v0.17.0
[INFO] [stderr]    Compiling pin-project-internal v1.0.10
[INFO] [stderr]     Checking sha1_smol v1.0.0
[INFO] [stderr]    Compiling thiserror v1.0.30
[INFO] [stderr]    Compiling proc-macro-crate v1.1.0
[INFO] [stderr]     Checking easy-parallel v3.2.0
[INFO] [stderr]     Checking async-task v4.2.0
[INFO] [stderr]     Checking async-executor v1.4.1
[INFO] [stderr]    Compiling zvariant_derive v3.1.2
[INFO] [stderr]     Checking async-broadcast v0.3.4
[INFO] [stderr]     Checking sha1 v0.6.1
[INFO] [stderr]    Compiling async-recursion v0.3.2
[INFO] [stderr]     Checking pin-project v1.0.10
[INFO] [stderr]    Compiling serde_repr v0.1.7
[INFO] [stderr]     Checking smithay-clipboard v0.6.5
[INFO] [stderr]     Checking copypasta v0.7.1
[INFO] [stderr]    Compiling derivative v2.2.0
[INFO] [stderr]    Compiling zbus_macros v2.1.1
[INFO] [stderr]     Checking futures-executor v0.3.21
[INFO] [stderr]     Checking async-io v1.6.0
[INFO] [stderr]     Checking rand v0.8.5
[INFO] [stderr]     Checking deflate v1.0.0
[INFO] [stderr]     Checking async-channel v1.6.1
[INFO] [stderr]     Checking glutin v0.28.0
[INFO] [stderr]     Checking async-lock v2.5.0
[INFO] [stderr]     Checking ordered-stream v0.0.1
[INFO] [stderr]     Checking nanorand v0.7.0
[INFO] [stderr]     Checking nix v0.23.1
[INFO] [stderr]     Checking spin v0.9.2
[INFO] [stderr]    Compiling num-iter v0.1.42
[INFO] [stderr]    Compiling num-rational v0.4.0
[INFO] [stderr]     Checking webbrowser v0.5.5
[INFO] [stderr]     Checking hex v0.4.3
[INFO] [stderr]     Checking weezl v0.1.5
[INFO] [stderr]     Checking takeable-option v0.5.0
[INFO] [stderr]     Checking fnv v1.0.7
[INFO] [stderr]     Checking either v1.6.1
[INFO] [stderr]     Checking flume v0.10.12
[INFO] [stderr]     Checking futures v0.3.21
[INFO] [stderr]     Checking flate2 v1.0.22
[INFO] [stderr]     Checking inflate v0.4.5
[INFO] [stderr]     Checking threadpool v1.8.1
[INFO] [stderr]     Checking miniz_oxide v0.5.1
[INFO] [stderr]    Compiling rfd v0.8.1
[INFO] [stderr]     Checking lebe v0.5.1
[INFO] [stderr]     Checking color_quant v1.1.0
[INFO] [stderr]     Checking bit_field v0.10.1
[INFO] [stderr]     Checking jpeg-decoder v0.1.22
[INFO] [stderr]     Checking half v1.8.2
[INFO] [stderr]     Checking exr v1.4.1
[INFO] [stderr]     Checking tiff v0.7.1
[INFO] [stderr]     Checking gif v0.11.3
[INFO] [stderr]     Checking png v0.17.5
[INFO] [stderr]     Checking jpeg-decoder v0.2.3
[INFO] [stderr]     Checking scoped_threadpool v0.1.9
[INFO] [stderr]     Checking bytemuck v1.8.0
[INFO] [stderr]     Checking pathdiff v0.2.1
[INFO] [stderr]     Checking pollster v0.2.5
[INFO] [stderr]     Checking emath v0.16.0
[INFO] [stderr]     Checking ron v0.7.0
[INFO] [stderr]     Checking enumflags2 v0.7.4
[INFO] [stderr]     Checking open v2.1.1
[INFO] [stderr]     Checking bincode v1.3.3
[INFO] [stderr]     Checking epaint v0.16.0
[INFO] [stderr]     Checking random-string v1.0.0
[INFO] [stderr]     Checking zvariant v3.1.2
[INFO] [stderr]     Checking whoami v1.2.1
[INFO] [stderr]     Checking image v0.24.1
[INFO] [stderr]     Checking egui v0.16.1
[INFO] [stderr]     Checking zbus_names v2.1.0
[INFO] [stderr]     Checking zbus v2.1.1
[INFO] [stderr]     Checking ashpd v0.2.6
[INFO] [stderr]     Checking epi v0.16.0
[INFO] [stderr]     Checking egui-winit v0.16.0
[INFO] [stderr]     Checking egui_glium v0.16.0
[INFO] [stderr]     Checking eframe v0.16.0
[INFO] [stderr]     Checking library v0.1.0 (/opt/rustwide/workdir)
[INFO] [stdout] warning: unused import: `CollapsingHeader`
[INFO] [stdout]  --> src/library.rs:2:26
[INFO] [stdout]   |
[INFO] [stdout] 2 | use eframe::egui::{self, CollapsingHeader};
[INFO] [stdout]   |                          ^^^^^^^^^^^^^^^^
[INFO] [stdout]   |
[INFO] [stdout]   = note: `#[warn(unused_imports)]` on by default
[INFO] [stdout] 
[INFO] [stdout] 
[INFO] [stdout] error[E0432]: unresolved import `crate::compressed`
[INFO] [stdout]  --> src/library.rs:1:12
[INFO] [stdout]   |
[INFO] [stdout] 1 | use crate::compressed::CompressedFile;
[INFO] [stdout]   |            ^^^^^^^^^^ could not find `compressed` in the crate root
[INFO] [stdout] 
[INFO] [stdout] 
[INFO] [stdout] warning: unused import: `CollapsingHeader`
[INFO] [stdout]  --> src/library.rs:2:26
[INFO] [stdout]   |
[INFO] [stdout] 2 | use eframe::egui::{self, CollapsingHeader};
[INFO] [stdout]   |                          ^^^^^^^^^^^^^^^^
[INFO] [stdout]   |
[INFO] [stdout]   = note: `#[warn(unused_imports)]` on by default
[INFO] [stdout] 
[INFO] [stdout] 
[INFO] [stdout] error[E0432]: unresolved import `crate::compressed`
[INFO] [stdout]  --> src/library.rs:1:12
[INFO] [stdout]   |
[INFO] [stdout] 1 | use crate::compressed::CompressedFile;
[INFO] [stdout]   |            ^^^^^^^^^^ could not find `compressed` in the crate root
[INFO] [stdout] 
[INFO] [stdout] 
[INFO] [stdout] warning: unused import: `CollapsingHeader`
[INFO] [stdout]  --> src/library.rs:2:26
[INFO] [stdout]   |
[INFO] [stdout] 2 | use eframe::egui::{self, CollapsingHeader};
[INFO] [stdout]   |                          ^^^^^^^^^^^^^^^^
[INFO] [stdout]   |
[INFO] [stdout]   = note: `#[warn(unused_imports)]` on by default
[INFO] [stdout] 
[INFO] [stdout] 
[INFO] [stdout] warning: unused import: `CollapsingHeader`
[INFO] [stdout]  --> src/library.rs:2:26
[INFO] [stdout]   |
[INFO] [stdout] 2 | use eframe::egui::{self, CollapsingHeader};
[INFO] [stdout]   |                          ^^^^^^^^^^^^^^^^
[INFO] [stdout]   |
[INFO] [stdout]   = note: `#[warn(unused_imports)]` on by default
[INFO] [stdout] 
[INFO] [stdout] 
[INFO] [stdout] error[E0308]: mismatched types
[INFO] [stdout]    --> src/library.rs:175:37
[INFO] [stdout]     |
[INFO] [stdout] 175 |     pub fn compressed(&mut self) -> CompressedFile {}
[INFO] [stdout]     |            ----------               ^^^^^^^^^^^^^^ expected `CompressedFile`, found `()`
[INFO] [stdout]     |            |
[INFO] [stdout]     |            implicitly returns `()` as its body has no tail or `return` expression
[INFO] [stdout] 
[INFO] [stdout] 
[INFO] [stdout] error: aborting due to previous error; 1 warning emitted
[INFO] [stdout] 
[INFO] [stdout] 
[INFO] [stdout] For more information about this error, try `rustc --explain E0432`.
[INFO] [stdout] 
[INFO] [stdout] error: aborting due to previous error; 1 warning emitted
[INFO] [stdout] 
[INFO] [stdout] 
[INFO] [stdout] For more information about this error, try `rustc --explain E0308`.
[INFO] [stdout] 
[INFO] [stderr] error: could not compile `library` (bin "viewer" test) due to 2 previous errors; 1 warning emitted
[INFO] [stderr] warning: build failed, waiting for other jobs to finish...
[INFO] [stderr] error: could not compile `library` (bin "library" test) due to 2 previous errors; 1 warning emitted
[INFO] [stdout] error: aborting due to previous error; 1 warning emitted
[INFO] [stdout] 
[INFO] [stdout] 
[INFO] [stdout] For more information about this error, try `rustc --explain E0432`.
[INFO] [stdout] 
[INFO] [stderr] error: could not compile `library` (bin "viewer") due to 2 previous errors; 1 warning emitted
[INFO] [stdout] error[E0308]: mismatched types
[INFO] [stdout]    --> src/library.rs:175:37
[INFO] [stdout]     |
[INFO] [stdout] 175 |     pub fn compressed(&mut self) -> CompressedFile {}
[INFO] [stdout]     |            ----------               ^^^^^^^^^^^^^^ expected `CompressedFile`, found `()`
[INFO] [stdout]     |            |
[INFO] [stdout]     |            implicitly returns `()` as its body has no tail or `return` expression
[INFO] [stdout] 
[INFO] [stdout] 
[INFO] [stdout] error: aborting due to previous error; 1 warning emitted
[INFO] [stdout] 
[INFO] [stdout] 
[INFO] [stdout] For more information about this error, try `rustc --explain E0308`.
[INFO] [stdout] 
[INFO] [stderr] error: could not compile `library` (bin "library") due to 2 previous errors; 1 warning emitted
[INFO] running `Command { std: "docker" "inspect" "30d9e167bf87966a5937b04bfafc532fa1cf9c1e15c0fb895aa3cab69aa16ca7", kill_on_drop: false }`
[INFO] running `Command { std: "docker" "rm" "-f" "30d9e167bf87966a5937b04bfafc532fa1cf9c1e15c0fb895aa3cab69aa16ca7", kill_on_drop: false }`
[INFO] [stdout] 30d9e167bf87966a5937b04bfafc532fa1cf9c1e15c0fb895aa3cab69aa16ca7
